the value of (8 - (1 - (-6 + -1 + 10))) + 27 - 12?
25
What is the value of -40 - (12 + -5 + -45)?
-2
What is the value of (-3 - 19 - 7) + -3 + 0 + -4?
-36
What is the value of 1 + 39 - ((-12 + 4 - -2) + 5 + -1)?
42
What is the value of (-111 - -78) + 18 - -62?
47
384 + -332 + (4 - 6)
50
Evaluate -1 + 39 + -19 + -30 - (-44 + -2) - 8.
27
What is 205 + -172 + (23 - 6)?
50
Calculate -7 + (-27 + 38 - 33) + -8.
-37
What is the value of 6 + -13 + (6 - -1) + -3 + -6?
-9
Evaluate 34 - 23 - (-19 + (-3 - -6)).
27
6 + -9 + (-3 - -4) + 966 + -978
-14
What is the value of 47 - (143 - 15 - 40)?
-41
What is (851 - 929) + (-19 - -2) + -4?
-99
Calculate (10 - (5 + -3)) + (-522 - -468).
-46
Evaluate -11 + 23 + (-59 - -30).
-17
Calculate (20 + 16 - 39) + -38.
-41
What is the value of 0 + (31 - (6 - -14)) - 36?
-25
Evaluate 18 - (-21 - (-13 + -5 + 1)).
22
Calculate ((-252 - -253) + (1 - (2 - -2)) - -96) + -1.
93
What is -14 + 2 - -7 - (43 + -2)?
-46
What is the value of 30 + -3 + 18 + -21 + 22?
46
What is 13 + -46 + (-31 - -55)?
-9
-3 + -1 - (11 + (0 - 1) - (1396 + -1282))
100
What is the value of 136 + -101 + -38 + (2 - -1)?
0
What is 9 + (-1 - (5 + (8 - 12))) + 47?
54
What is the value of 2 + 0 + -100 - (10946 + -10974)?
-70
Evaluate -55 + 3 + -10 + (-21 - -33) - -8.
-42
Evaluate (3 - (-11 - (-2 + -8))) + 2 + -6.
0
What is 71 - 116 - (-18 + 2)?
-29
What is (8892 - 8873) + -43 + 0?
-24
Evaluate -147 - (-187 - (-158 - -81)).
-37
Calculate (-2 - 30) + (-1 - -8 - -2) + -5.
-28
What is the value of 92 + -35 + (-101 - -71)?
27
Calculate -8 + 17 + -18 + 21 - (2 + 5 + 0).
5
What is the value of 26 + (-30 - 1 - (214 - 241))?
22
98 + (-21 - -29 - 8) + 12 - 13
97
Calculate 11 - -3 - ((-6 - (-3 - 12) - 12) + 3).
14
Calculate 1 + 18 + 192 + -212 - (63 - -1).
-65
What is the value of 68 + -34 + -127 - (-4 + 1)?
-90
Evaluate -1 + 6 - (-2 + 2 + -104 + 103).
6
Calculate (16 - -2) + (16 - 1 - -23).
56
Evaluate -12 + (26 - 20 - -15 - 20) - (80 + 1).
-92
Calculate -11 - (8 - 7 - (-6 - -2 - -7) - 9).
0
Calculate 22 + (-89 - -36) + 32.
1
Calculate (-7 - -6) + 39 + -4 + 1 - -14.
49
What is -73 - -14 - (-19 - (-14 - 23))?
-77
-26 + (0 - (1 + -7)) + -16 + 16
-20
Calculate -11 - (11 + (10 - (-8 + 19 - 7))).
-28
What is the value of -2128 - -2019 - (-113 + 2)?
2
16 + (-4 - (-36 - -21)) + -25
2
What is the value of 120 + -96 + 4 + 24?
52
What is the value of (-83 + 32 - -26) + -31 + 1?
-55
What is -85 - (0 - 2) - (-17 + 5 - (-69 - -66))?
-74
Evaluate (137 - (109 + 6)) + (-1 - (-13 + -1)).
35
What is 28 - (-6 + (-29 - 26)) - 18?
71
Calculate (-17 - -21) + (-29 - -13) - (-20 - 1).
9
Evaluate (-9 - -51 - 13) + -21 - (-5 + 49).
-36
Calculate 13 - (12 + 7) - (9 - (-1 + 9 - 67)).
-74
What is 10 + -14 + -18 + 21 - -44?
43
Evaluate 2 + -14 + (3 - -1) + 0 - (789 + -909).
112
49 + 0 + 1 + -2133 + 2139
56
9 + (27 - 27) + 26 + (14 - 2) + 4
51
Evaluate 72 - 137 - -6 - -16.
-43
What is the value of 6 + (-6 - ((-10 - -5) + 0) - 11) - 97?
-103
Evaluate ((6 - -25) + -14 - 11) + -28.
-22
What is the value of -28 - 1 - (331 + -425)?
65
Evaluate (10 - (63 + -6)) + 28 + (-1 - -27).
7
What is the value of (10 - (11 - (24 + -30 + 15 + 1))) + -15?
-6
Evaluate -7 - (-1163 - -1139 - (-18 + -1)).
-2
Calculate 14 + -4 + -4 + (11 - ((-14 - -9) + 48)).
-26
What is -42 - 43 - (-15 + 49 - 22)?
-97
Evaluate 2 + (-13 - -31 - -1) + -16 + (-1 - -22).
26
Calculate (39 - 20 - -29) + -47.
1
What is -7 - (-13 + 8) - (66 + -1) - -5?
-62
Calculate (-37 - -1) + -1653 + 1635.
-54
Evaluate 9 + (0 - -1) - (-32 + 24 - 40).
58
Evaluate 0 + 7 - (-566 - -612) - (1 - 10).
-30
What is 14 + 0 - (55 - (84 + -156))?
-113
(-35 - -42) + (0 - 52) + -8 + 0 + 5
-48
What is the value of (-64 - -67 - 28) + 4?
-21
-9 + 2 + (-37 + 11 - (-38 + 7))
-2
What is the value of (-21 - (20 - 27)) + -31?
-45
Calculate 32 + (-1 - (3 + 4 + -2 - 5 - 9)).
40
What is the value of 55 - 56 - (69 + -6)?
-64
What is the value of (9 - (11 + (9 - 8) + 5 + -2)) + 37?
31
Calculate -3 + -64 + 0 - (21 + 7 + (-5 - 21)).
-69
Calculate -23 + (7 + (4 - -2) + 4 - -40).
34
What is the value of 171 - 185 - (2 + -13) - (13 - 42)?
26
What is the value of (-22 - (-20 - 64)) + -110?
-48
Calculate -295 + 306 + (14 - (-1 - 5)).
31
What is the value of -82 - (-24 - (15 - -2))?
-41
What is the value of 35 - (-126 - 21) - 102?
80
Evaluate -5 - -35 - (-100 - -111).
19
24 + (-35 - 61) + 35
-37
Calculate 34 - (-12 + (-11 - -9 - 4 - -9) + 20).
23
-59 + (-66 - 1) + 38 - -14
-74
What is -23 - ((-16 - 4) + 9)?
-12
What is the value of 0 + 0 + 32 + (-38 - (-73 + 48))?
19
(-30 - (-4 + -17)) + -1 + 61
51
Evaluate (-7 - (-18 - -34)) + 41 - -12.
30
Evaluate 13 - (10 - (6 - 12) - 17).
14
Calculate -93 + 76 + -6 + (-6 - -19) + -36.
-46
Calculate -38 - (-62 - (-66 - -44)).
2
What is the value of 59 + 54 + -96 + 30?
47
What is 1 + -14 - (1 + 2 - (-20 + 33 - 12))?
-15
What is 22 + (4 + -37 - (102 + -143))?
30
What is the value of -106 + -6 + 5 - (-27 - -16 - -8 - 5)?
-99
What is the value of -6 + (-25 + 8 + 3 - -11 - -85)?
76
-11 + 2 - (-10 + 20 - 70 - -14 - 9)
46
Calculate 14 + (26 - 8) + (8 - 5).
35
Calculate -2933 - -2921 - (19 + (3 + -2 - -1)).
-33
1 + -6 - ((-350 - -360) + (33 - -1))
-49
Calculate (-8 - (-2 - -2)) + (-118 - (-2 - (-4 + 22))).
-106
Calculate (-5 - -2) + -63 + (-64 - (-28 + -46)).
-56
Evaluate 130 - 147 - (8 + (4 - 9) - -32).
-52
Calculate -95 - -177 - (17 + (-2 - 3)).
70
What is the value of (-15 - -19) + (-1 - -10) - (-50 - (-14 - -3))?
52
(1 - (-5 - 1)) + -30444 + 30450
13
Evaluate -69 + (-20 - -118) + (0 - 0).
29
What is the value of (1732 - 1665) + (2 - 45)?
24
Evaluate (7 - 11) + -3 + 82 - (607 + -600).
68
What is 67 + -61 + 3 + -52?
-43
(4 - (2 + -4)) + 1940 + -1959
-13
What is 2 - -2 - (-13 - (15 - 45 - -29))?
16
(13 - 4) + (-9 - -2 - (-13 - 0) - 1)
14
Calculate -9 + (-66 - -65) + -5.
-15
What is the value of 1 - (10 - (-9 - -26)) - 6?
2
-5 + -1 - (33 - (-20 + 72 + -9))
4
Calculate 19 - (39 + -19 + -5 - 38).
42
Evaluate 7 + 3 - (21 + -24) - (-5 + -1).
19
-9 - 0 - (-522 - -522) - (-2 + 57)
-64
What is the value of -68 - (-13 + 2 - (-99 - -81) - (5 - -5))?
-65
(-4 - -19) + -8 + 13 + -2 + 75
93
What is the value of -111 - ((27 - (-19 + 50)) + -4)?
-103
What is the value of (1 - 8) + (302 - 623 - -321)?
-7
What is the value of (-29 - (-30 - -6)) + (63 - 9)?
49
What is 110 - (13 + -28 - -43 - 15)?
97
Calculate 65 + 284 + -280 + 1 + 5 + (-2 - 0).
73
Evaluate 19 + -21 + (-2 - -10) + (-82 + -6 - 8).
-90
Evaluate -5 + 23 + (-10 - 0) + 10 + 0 + -12.
6
6 + 2 + (78 - (23 + -39 - -2))
100
What is the value of (23 - (-27 - -60)) + (9 - -19)?
18
Evaluate (82 - 226) + 3 + 175.
34
Calculate -9 + -5 + -11 + 23 - (-14 + 20).
-8
What is the value of -27 + 23 + (1 - 7) - -3?
-7
Evaluate -3 - 1 - (11 + -32 - (-22 - -6)).
1
-3 + -11 + 27 + -15 - 62
-64
Calculate 48 - ((-1 - 4) + -2 - (17 - 23)).
49
66 + (-3 - (-16 + (-41 - -37)))
83
What is the value of 2 + 19 + 55 + -131 + 11?
-44
What is the value of (715 - 640) + (-4 - (-3 + 1 + -2 + 3))?
72
4 - (11 - -1 - (40 + 67 + -31))
68
What is the value of (5 - -69 - 39) + 53 + (-9 - 1)?
78
What is -83 + 12 + 58 + 89?
76
Calculate -13 + -15 + 5 + 17 - 46.
-52
-230 + -73 + 70 + 124
-109
Calculate -125 - ((-21 - 23) + -83).
2
Calculate 6 + -3 + -7 + 1 + 0 + (-120 - -92).
-31
What is 0 - -37 - 92 - -43?
-12
Calculate -71 - (20 - (56 - 17)) - (7 + -4).
-55
Evaluate -106 - (-40 + -27 + 5).
-44
5 - (3 - (-5 - 0)) - (250 + -222)
-31
What is -70 - (2 + 7 - (23 + 2 - 6))?
-60
-4 - 7 - (-9 + 6) - (7 + 34 + 14)
-63
(-4 - (4 + -8)) + (-2 - (1 + 2)) + -9
-14
-1 + 1 + -30 + 37 + -54
-47
What is (63 - (-12 - 23)) + -2 + 30?
126
What is the value of -15 + 55 + -30 + -11 + (-37 - 0)?
-38
26 + (-1 - 2 - (-290 - -290))
23
(-9 - -61) + -38 + (3 - 62) + 0
-45
What is the value of 88 - (-1 + (15 - (11 - 2))) - (-68 + 79)?
72
Calculate 69 + -22 + -5 + 4.
46
Evaluate (-115 - (59 + -144)) + (2 - (-2 + 0)).
-26
(1808 + -1767 - (87 - 1)) + -100
-145
(8 - -4 - 4) + (31 + 28 - 129)
-62
Calculate -9 - (-61 + 61 + -106 + (4 - 0)).
93
What is 3 + (-2 - 49 - -34) + -1 + 11?
-4
What is (-3 - (0 - 1) - (-194 - -167)) + -2?
23
Calculate -52 + 13 + 32 + -47.
-54
What is the value of -7 - (-21 + 6) - (6 - (8 - (4 - -1)))?
5
Evaluate -1 + 4 + 37 + 78 + -105.
13
What is the value of -8 - (32 - 7